 12 = 4. What is the tens digit of 4/8*p - 0 - -162?
6
Let l(g) be the first derivative of 6*g - 2/3*g**3 - 1/4*g**4 + 8 + 1/2*g**2. What is the tens digit of l(-4)?
3
Let z(s) be the first derivative of 5*s**5/3 + s**4/3 + 7*s**3/6 + 9*s**2/2 + 25. Let g(b) be the second derivative of z(b). What is the tens digit of g(-1)?
9
Let t be (-16 + 10)*2*6/(-8). Let v(s) = 31 + t*s**2 + 1 + 8*s + 2*s**3 + 5*s**2 - s**3. What is the units digit of v(-13)?
7
Suppose -43*n = -28*n - 330. What is the tens digit of (-259)/(-4)*6 - 11/n?
8
Let k(n) = -n**3 + 2*n**2 + 2*n + 2. Let z be k(0). Suppose 0 = -r - 2*a + 418, a + 271 = z*r - 585. What is the units digit of r?
6
What is the hundreds digit of (36 + 56/(-16))*1128/10?
6
Suppose -2*o + q = -6*o - 16, -3*q + 16 = -4*o. Suppose 13*h = 10*h - 9. What is the tens digit of h + (71 - -1) + o?
6
What is the hundreds digit of 3*(-8 + -71)*1016/(-24)?
0
Suppose 0 = i - p - 2120, 60*p = 4*i + 59*p - 8492. What is the units digit of i?
4
Suppose h - 16 = -19. Let z = h + 29. Suppose -x + 11 = -z. What is the tens digit of x?
3
Suppose 0 = g - 4*r + 27, 5*r - 10 = -0. Let q(f) = f**2 - f - 9. What is the units digit of q(g)?
1
Let n = -22 + 20. Let i be 1/n + 303/(-2). Let x = -102 - i. What is the tens digit of x?
5
Let y(z) = z**2 + 5*z - 19. Suppose -100 = 4*r - 0*r. What is the tens digit of y(r)?
8
Let i be 0/((-8)/(-4)) - 0. Suppose 4*x - 136 = -2*z, -5*z + x = -i*x - 307. Suppose u - z = -30. What is the tens digit of u?
3
Let p(y) = 33*y**2 + 122*y + 311. What is the ten thousands digit of p(-23)?
1
Suppose 10*m - 28376 = -2*p, 5*p - p - 56832 = -4*m. What is the units digit of p?
3
Let y = 18469 - 16850. What is the thousands digit of y?
1
Let o(r) = 136*r - 287. What is the units digit of o(4)?
7
Suppose 12*k = 10*k. Suppose 5*c = z + 30, k = -5*c + 7 + 8. What is the units digit of (-1 - -29)/((-6)/z)?
0
What is the thousands digit of (-4)/(2 + 14) - 9/((-396)/598103)?
3
Let h(q) = -q**3 + 15*q**2 - 5*q + 11. Let p be h(14). Suppose 487 + p = 4*g - 4*u, -g + 3*u = -156. Let n = g + -102. What is the units digit of n?
4
Suppose -2*v - 4*f + 0*f = -27828, 0 = 4*v - 3*f - 55689. What is the thousands digit of v?
3
Let z(g) = -g**3 + 9*g**2 + g - 5. Let d be z(9). Let q(s) = -5*s - 7*s + 2*s**3 + 2*s - 3*s**3 + 7*s**2 + 6. What is the units digit of q(d)?
4
Let j be (-5)/(-15) - ((-42)/(-9))/(-1). Suppose 0 = -2*v + 3*g + 23, 0 = -j*v + g - 3*g + 29. Let s(t) = -2*t**2 + 12*t + 20. What is the units digit of s(v)?
6
Let g = -526 + 666. Suppose 5*c + 37 = 2*y + 789, c - 3*y = g. What is the tens digit of c?
5
Let y = 0 + -481. Let i = 676 + y. What is the hundreds digit of i?
1
Let v = 104745 + -52955. What is the tens digit of v?
9
What is the ten thousands digit of (18/(11 - 8) + -5563)/((-1)/3)?
1
Let p(x) = x**2 - 31*x - 55. Let l be p(38). Suppose h - 6*h + 419 = 2*k, k + 4*h = l. What is the tens digit of k?
0
Let h = 2180 - 1269. Suppose -5*b = -3*f - 1024, 3*b + f + 291 = h. Suppose 0 = m - 3*p - 2*p - 88, 5*p - b = -2*m. What is the units digit of m?
8
Suppose -9*b + 38 = -7. Suppose 471 = 3*f + x, x = -b*f + 239 + 546. What is the hundreds digit of f?
1
Suppose 7782*p - 7775*p = 61635. What is the hundreds digit of p?
8
Let n be (-2818)/(-4 + 3) - (-1 - -2). Suppose 33*m = 3321 + n. What is the hundreds digit of m?
1
Suppose -38*t = 27*t - 11310. Suppose -872 - t = -q. What is the tens digit of q?
4
Suppose 3*p + 58276 = 7*p + 3*o, -72848 = -5*p - 3*o. What is the thousands digit of p?
4
Let r(x) = -2*x**3 - 81*x**2 + 76*x - 142. What is the hundreds digit of r(-45)?
6
Suppose 0 = -10*s + 2*s + 24. Suppose -s*v - 8*v = -5544. Suppose 0 = -t + 9*t - v. What is the tens digit of t?
6
Let a = -125 - -286. Let m = 502 - a. What is the hundreds digit of m?
3
Let a be -95 - (3/(-9) - 2/3). Let b = -26 - a. What is the units digit of b?
8
Suppose -40 = -4*q - 4*a, q + 2*q = -a + 22. Suppose q*g + 0*g - 714 = 0. Let r = g + -82. What is the tens digit of r?
3
Let o(q) = 1967*q**2 + 98*q - 192. What is the tens digit of o(2)?
7
Suppose 4*c = h - 8362, -4 - 2 = 2*c. What is the units digit of h?
0
Let b(g) = -28*g**2 - 1. Let r be b(1). Suppose 0 = -221*q + 227*q + 306. Let k = r - q. What is the units digit of k?
2
Suppose -15*w - 1439 = -19*w + 3*o, w - o - 360 = 0. What is the units digit of w?
9
Let u(f) = 14*f**2 + f + 20. Let l = 127 + -132. What is the tens digit of u(l)?
6
Let m be -2153*(54/(-24))/9*28. Suppose 2404 = 15*h - m. What is the tens digit of h?
6
Suppose 0 = 10*k - 29609 - 163001. What is the thousands digit of k?
9
Let t(m) = 116*m**2 - 558*m - 18. What is the units digit of t(13)?
2
Let n = -223 - -383. Suppose 4*x = 2*o - n, -o - 3*x + 413 = 4*o. Let g = o + -18. What is the tens digit of g?
6
Let q(n) = n**3 - 69*n**2 - 10*n - 16. What is the units digit of q(70)?
4
Let v = 101 + 28. Let t = v - -66. What is the tens digit of t?
9
Suppose 5*p - 20 = 0, 5*j = 2*j - 4*p + 28. Suppose -421 = j*f - 2469. What is the tens digit of f?
1
Let d(q) = 508*q**2 - 47*q - 229. What is the tens digit of d(-7)?
9
Suppose 34*p - 357454 = -15*p + 20*p. What is the hundreds digit of p?
3
Let t(c) be the third derivative of c**5/12 + c**4/24 - 107*c**3/6 - 129*c**2. What is the units digit of t(-13)?
5
Let s(q) = q**3 - 39*q**2 + 175*q - 128. What is the tens digit of s(39)?
9
Let p = 10064 - -2158. What is the thousands digit of p?
2
Let j(v) = 4*v**2 - 2*v + 22. Let x be j(-10). Let a = -78 + x. Suppose 13*g = 9*g + a. What is the units digit of g?
1
Let b(z) be the second derivative of -z**4/12 - 13*z**3/6 + 6*z**2 - 25*z. Suppose -3*g + 4*m = -0*g + 45, 0 = 2*g - 5*m + 37. What is the units digit of b(g)?
4
Let j = 722 + -275. Let w = j + -340. What is the hundreds digit of w?
1
What is the hundreds digit of (-15 - -27) + 4640 + -6?
6
Suppose 198*h = 374773 + 1310009. What is the hundreds digit of h?
5
Let o(w) = -3*w - 141. Let y be o(-5). What is the tens digit of ((-236)/6)/(12/y)?
1
Let m(w) = -1 - 4 - 2 - 7*w. Let c = 151 + -161. What is the units digit of m(c)?
3
Let m(t) = t**2 - t + 10. Let z be m(0). Let p be ((-8)/20)/2 - (-22)/z. Suppose -2*y = 3*b - 331, p*b - 5 = -7. What is the tens digit of y?
6
Suppose -18*o + 103840 - 15064 = 0. What is the tens digit of o?
3
Suppose 2*f - 31 = -9. Suppose 15776 = f*h + 5*h. What is the units digit of h?
6
Suppose -1102721 = -161*z + 27736 + 2311884. What is the tens digit of z?
8
Suppose 77664 = -630*p + 642*p. What is the units digit of p?
2
Let j = -377 + 2662. Suppose 5*u + 705 = j. Suppose -2*z = 2*f + 2*f - u, -3*f + 237 = -z. What is the units digit of f?
9
Let o(s) = -53*s - 9. Suppose 86 = 5*u - h, 2*h = 4*u + h - 68. Suppose 0 = -4*x - c - 3 - u, -3*c = -4*x - 1. What is the units digit of o(x)?
3
What is the units digit of (24/15)/(5/25) + 9136?
4
Let q(f) = 21*f**2 + 14*f - 26. Let m be q(8). Suppose -m = -3*r - 2*r. Let h = r - 170. What is the tens digit of h?
1
Let q(o) = -o**2 + 5*o + 3. Let r be q(5). Suppose -r*h = -277 - 530. What is the tens digit of h?
6
Suppose -150 = 2*j + 13*j. What is the units digit of (-4)/j + (-40271)/(-35) + 5?
6
Let g be -3 + -774*12/(-18). Let v = g - -13. What is the units digit of v?
6
Let i = 876 + -355. Suppose i + 166 = 3*j. What is the units digit of j?
9
What is the hundreds digit of 180/(-27)*-666 + 17?
4
Let i = 6898 + 4383. What is the units digit of i?
1
Let g(i) = -6 + i**3 - 2*i**3 + 9*i**2 - 2 + 166*i - 172*i. Let y(p) = p**2 + 7*p + 7. Let h be y(-7). What is the units digit of g(h)?
8
Let k(t) = 2*t**2 - 8*t**2 + 9*t**2 - 7*t + 10. Let p be k(15). Suppose -2*g = -4*l + 466, -2*g = -5*l + 3*g + p. What is the units digit of l?
7
Suppose 4*a = 3*a + 90. Let k(l) = -22*l - 1182. Let z be k(-65). Let c = z - a. What is the tens digit of c?
5
Suppose -584*g = -576*g - 18688. What is the tens digit of 3*(g/6 - 6)?
5
Let o = 2181 + -2089. What is the tens digit of o?
9
Suppose i = 7 - 5. Let r = 1255 + -1060. Suppose 3*x + r + 192 = i*z, -786 = -4*z + 2*x. What is the hundreds digit of z?
1
Let h = -2265 + 5816. What is the thousands digit of h?
3
Suppose -7*x = -3*x - 16, -40 = -4*w - 4*x. Let r(d) = 363*d - 332. What is the hundreds digit of r(w)?
8
Suppose 0 = -2*u + 2*m + 1788, 5*m 